of 9 + (-12 + 4 - -5) + -7?
-1
-24 + 8 + 13 + 24
21
-3 - (-5 + -1 - (0 + -14))
-11
-14 + 3 + 13 - (-2 - (-19 - 0))
-15
Calculate -13 + -6 - (-17 + -2) - 17.
-17
-3 + 3 + (-5 - -9) - -1 - 10
-5
What is 6 - (22 - 27 - (-16 + -7))?
-12
What is the value of -9 + 7 + 19 - (0 - -9)?
8
What is -9 - (-43 - -14 - -10)?
10
Calculate -10 - (-27 - (-6 + (17 - 10))).
18
-9 - (-7 + -26 + 24)
0
What is the value of 5 + 14 + -9 + 5 + -4?
11
Calculate -11 + 15 - (-18 + 7 + 7).
8
What is the value of (19 - 23) + (-3 - -6) + 0 + -5?
-6
Evaluate 6 - (17 + 8 + -10).
-9
22 + -28 - (-11 - (-4 - 2))
-1
7 + (12 - 15) + -1 + -1 + -3
-1
Calculate -1 + (10 + -19 - (2 - (3 + 4))).
-5
(-12 - -4) + 0 + (21 - -22) + -17
18
What is 0 + (2 - 1 - 1) - (111 - 104)?
-7
Evaluate (3 - (8 + -17)) + -17.
-5
Calculate -3 - ((-23 - -17) + (-4 - (-2 - 3))).
2
What is the value of (-4 - (1 + -7) - 5 - -1) + -6?
-8
Calculate 6 - ((16 - 22) + -1).
13
What is 29 + -26 - (6 - (0 + 24))?
21
Evaluate -14 + 25 + -24 - 2.
-15
Evaluate -2 + (-3 - 1) + 3 + 2 - 4.
-5
What is the value of -1 + 9 - (-6 - -20)?
-6
What is the value of 2 + -12 - (-3 + -8 + 11)?
-10
What is (7 + -2 - -3) + (-28 - -10)?
-10
Evaluate (-58 - -6) + 19 + 15.
-18
Calculate 6 + 3 + (-14 - 0).
-5
Evaluate 14 + -15 - (4 - 2 - (16 - 10)).
3
-30 + 34 + -29 - -24
-1
What is the value of 3 - (11 + (-7 - (6 + -12)) - -5)?
-12
What is -2 - (-6 + -2) - (22 + (-48 - -22))?
10
What is -33 - (-20 + -20 + 19)?
-12
Evaluate (21 + -15 - 6) + -2.
-2
17 - (2 + 42) - -21
-6
(10 - 37) + (-3 - -23 - 5)
-12
What is the value of 36 - 20 - 36 - -16?
-4
Evaluate 5 + (-8 - (-3 - -3)) + (0 - 1).
-4
-17 + (3 + -9 - -5)
-18
Calculate 20 + (19 - 9) + (-10 - -2) + 7.
29
Evaluate -2 - (0 + -35 + 38).
-5
Calculate -31 + (-11 - -36) - (4 + -29).
19
What is the value of -11 + -1 + (4 - 0) - (71 - 64)?
-15
What is (111 - 103) + (7 + 1 - 0 - 1)?
15
Calculate -8 + (-1 - 2) + -5 + 13.
-3
What is the value of 49 + -50 - (-2 - -18)?
-17
-5 - (12 - 1) - -40
24
5 - (18 - -1 - (3 - 6))
-17
What is the value of 3 + (-49 - 24) + 35?
-35
What is the value of 8 + -4 - (6 + -5 + 3 + 0)?
0
What is (-15 - -16) + 3 - -20?
24
What is the value of 18 - ((-4 - (-5 - 15)) + (2 - 12))?
12
Calculate -24 - (6 + -4) - -21.
-5
Evaluate 4 + -5 + 0 + 7 + -19.
-13
What is (0 - ((-4 - (0 + 2)) + 4)) + 4?
6
What is -1 + 4 + (69 - 72) - 9?
-9
-1 - 8 - (-3 + (-3 - -13))
-16
173 + -159 - (17 - 2)
-1
(0 + -9 - 3) + (-81 - -94)
1
Evaluate -43 - -22 - (-39 + 0).
18
Evaluate (-2 - 7) + (3 - -6 - 4 - 5).
-9
Calculate 11 + (35 - (-12 - -53)).
5
Calculate -6 - (4 + -6) - (-10 + -2).
8
What is -2 - -18 - (-84 - -95)?
5
What is -21 - (22 + -29 + 0)?
-14
Calculate (82 - 66) + 9 + -3.
22
-12 + 1 + 233 + -220
2
What is -10 + -2 + 3 + 17 + 6?
14
-4 - (4 + -4) - (-2 + (13 - 3))
-12
Evaluate (4 - 21) + 3 + (15 - 8) + 19.
12
(1 + (0 - 3) - 0) + 27 + -19
6
What is the value of -1 + 13 + 4 + -9 + 13 + -15?
5
What is 45 - ((1 - -9) + -19 + 25)?
29
11 + (2 - 6) + 7 + -2 + -1
11
Evaluate ((0 - 3) + 6 - 2 - -14) + -6.
9
What is 8 + 9 + (36 - 59)?
-6
Calculate (-25 - 16) + 43 + -21.
-19
What is the value of -3 + (10 - 1) - (9 + 3 + -12)?
6
Calculate (-13 - -2 - (5 + (-3 - 2))) + 7.
-4
What is the value of -1 - (-22 + (14 - 24 - 1))?
32
What is -2 - (7 - (22 - 5 - 6))?
2
What is the value of -27 + (25 - 22) + 6?
-18
What is 0 + -36 + -34 + 56?
-14
What is (5 - 1) + 5 + (-2 - 0)?
7
What is the value of (7 - ((29 - 17) + -3)) + 15?
13
What is -8 + -5 - (1 + -4)?
-10
-3 - (-10 - (10 + -33) - 1)
-15
Evaluate (3 - (0 - -9 - -5)) + 5.
-6
(20 - (5 - -11)) + 7
11
Calculate -11 + (13 - (2 + -20)) + 8 + 0.
28
What is (-13 - 0) + (30 - 10)?
7
24 + (-3 + 36 - 41)
16
Evaluate (28 - 1) + 640 + -632.
35
3 + (-52 + 23 - -20)
-6
What is the value of -3 - -7 - (-7 + -6 + 14)?
3
What is the value of -22 + -3 + -14 + (-14 - -38)?
-15
What is the value of (-34 - -26) + -27 + 49?
14
Evaluate (2 - 0) + -8 - (198 - 190).
-14
What is -11 + -11 + 23 + 12?
13
Calculate (20 - 7) + 6 - (37 - -6).
-24
What is 27 + -7 + -43 + 10?
-13
What is 2 - 9 - (37 + -37 - (-1 + -3))?
-11
Calculate 10 + (1 - 16) - (2 - 1 - 4).
-2
Evaluate -8 - (-543 - -544 - (6 + 1 + -1)).
-3
Evaluate -24 + (21 - 34) + 45 - (-1 + -8).
17
What is the value of 1 + (-8 + 0 - 3) - (23 - 30)?
-3
Evaluate -14 + -7 + (1 - -13) - 15 - -5.
-17
What is the value of 5 + 11 + -18 + (2 - -23) + -5?
18
What is the value of -7 + (-6 - (-8 - -7)) + -2 + 1?
-13
-1 + -12 - (12 - 6 - 15)
-4
Evaluate 19 + (7 - 23) - -3.
6
Evaluate 5 + (7 - (-19 + 12 + 5)).
14
What is 3 + 3 - (6 - (5 + 1))?
6
Evaluate -152 + 144 - (5 + -1 - (0 + 1)).
-11
Calculate -4 - -9 - 7 - (-26 - -39).
-15
Evaluate -5 + (-6 - 5) + -3.
-19
Calculate -2 - (16 + -2 + 0 + -33).
17
Evaluate 46 - (43 - 20) - 16.
7
What is the value of (4 - (11 - -4)) + -30 + 43?
2
-21 + 24 + 8 - 2
9
What is the value of -17 + (36 - 30) + 1 + 15?
5
What is the value of 28 + 7 + -24 + -1?
10
What is the value of -42 + -12 + 22 + 44?
12
(23 - 1) + (11 - (-14 + 36) - -13)
24
What is the value of -947 + 971 - (-1 + 17)?
8
Evaluate 24 - (-1 - (-27 + -5)).
-7
What is the value of 15 - (12 + -2 + -2 + -5)?
12
Calculate (-17 - (-32 - -27)) + (-5 - 2).
-19
What is -2 + (7 + -12 - 3) + -18 + 0?
-28
What is the value of 39 + -31 + (-20 - -8)?
-4
Calculate -9 - -1 - ((-3 - -2) + -40 + 50).
-17
Calculate (3 - (-25 - -18)) + 2 + 7.
19
What is 4 + (11 - 3) - 9 - 9?
-6
What is the value of -24 + -8 + 42 + -16?
-6
Calculate (2 - 6) + (-80 - -78).
-6
Evaluate (-24 - (-11 - -35)) + 25.
-23
What is the value of 5 - (22 - 9) - -20?
12
-21 + (7 - 17) + 26
-5
1 - ((-12 - (-2 + 6)) + 9)
8
Calculate 6 - (36 + -19 - 7).
-4
What is (43 - 23) + -26 - (0 - 6)?
0
-1 - (0 + (5 - -1)) - (-1 - -9)
-15
Calculate -12 + 6 + (1 - (1 - -5)).
-11
What is 17 - (26 + -6) - (1 - -2)?
-6
What is 6 + -11 + 0 - -9?
4
(4 - (13 - (-1 + 6))) + -4 + -2
-10
What is -46 + (-11 - 6) + 43?
-20
Calculate (-36 - -5) + (67 - 46).
-10
Calculate (14 - 10 - -17) + -8.
13
What is the value of -5 + (16 - 14) - (11 + -1)?
-13
Evaluate 10 + 16 + -11 - 3 - -1 - 6.
7
Calculate -1 - (7 + 1 + (23 - 27) - -7).
-12
Calculate -5 - (1 + 2) - (20 - 43).
15
Calculate 2585 + -2616 + (0 - 0) + 5.
-26
Evaluate 1 + (-2 - -9) + 7 - 9.
6
What is the value of 0 - (2 + -1 + -1 - (-4 + 5))?
1
4 - (-17 + -1) - (-96 + 99)
19
Evaluate (7 - (-7 + 15) - -4) + (-2 - 3).
-2
What is (60 - 68 - (-2 - 2)) + -10 + 1?
-13
1 - 19 - -20 - (-2 - (-1 - 17))
-14
What is the value of -17 - (17 + -17 - 12)?
-5
What is the value of 10 - (2 - (10 + -4)) - (4 + 0)?
10
What is the value of -4 + -8 + (-13 - -15) + 12?
2
Evaluate -28 + 51 + -17 + -13.
-7
-6 + 6 + -3 - (-7 + 12)
-8
What is the value of 642 + -646 + (-20 - 0)?
-24
-16 + (23 - 17) - -16 - (1 + 27)
-22
What is 17 + (-15 - (14 + -34 + 16))?
6
Evaluate (6 - (16 + -13 - -4)) + 5.
4
Evaluate 2 + -5 + (5 - 7) - -10.
5
(3 - 12) + 7 + -4 + 3 + 10
7
What is (9 - 13) + 2 + (-7 - 3)?
-12
Evaluate 7 - (-1 - -3 - (8 + 5)).
18
-60 + 62 - (1 - -18)
-17
What is -2 - (6 + -3 + -1) - (-1 - 5)?
2
What is 15 - 7 - (-77 - -65)?
20
4 + (-3 - (0 + -3 + 0))
4
What is -4 - 15 - (20 - (-7 - -10))?
-36
14 - (-1 - -6) - (-11 + 12)
8
What is the value of (-5 - (1 + 1)) + 3 + -6 + 8?
-2
Calculate -4 - 1 - (-7 - 5).
7
What is -55 + -1 + 50 - (1 + 10)?
-17
What is (16 - ((35 - 14) + -13)) + 10?
18
What is 24 + -21 - (1 - (-4 - -3) - 4)?
5
Evaluate -7 + 0 - ((9 - 12) + -4).
0
12 + (1 - 2) + 14 + -5
20
Calculate 3 + 0 - (-11 - (6 - 3)).
17
Calculate (10 - (-14 - -47) - -13) + (2 - 7).
-15
Calculate (-854 - -806) + (16 - 2).
-34
-1 + 1 + -6 + 1 + (-10 - 9)
-24
4 + -3 + 4 - (3 - (2 + 16))
20
Evaluate 13 + -25 - (0 + 0 + -2).
-10
What is the value of -4 - (1 + -14 + -59 + 46)?
22
Calculate -4 + 7 + (-2 - 3).
-2
What is (5 - (3 + 6)) + 20 + -3?
13
What is the value of (2 - (-3 + -6) - 9) + -26?
-24
Evaluate -1 + (-8 - -18 - 14) + -5.
-10
Calculate 23 - (19 + (-8 + 2 - 5)).
15
-4 - (-4 - -2) - (14 - 6)
-10
Evaluate 10 + (-9 - -3) + -6 + -1 + 0.
-3
What is the value of (-6 - -7) + -6 - (-5 - 4)?
4
Calculate 9 + -2 + (-1 - -4) + -1 + 4.
13
Calculate -2 + 3 + (8 - (28 + -6)) + 7.
-6
Calculate 12 - 12 - (-6 - 1) - -4.
11
Calculate 8 + -2 + (56 - -13 - 56).
19
-14 - (-10 - 0) - ((-4 - 0) + 3)
-3
1 - (0 - -2) - (49 - 50) - -12
1